{"id":1143,"date":"2024-08-27T10:42:47","date_gmt":"2024-08-27T03:42:47","guid":{"rendered":"https:\/\/sihangquangchau247.vn\/?post_type=product&#038;p=1143"},"modified":"2024-09-05T21:51:43","modified_gmt":"2024-09-05T14:51:43","slug":"xit-duoi-muoi-huong-dao-ma-kc691","status":"publish","type":"product","link":"https:\/\/sihangquangchau247.vn\/index.php\/san-pham\/xit-duoi-muoi-huong-dao-ma-kc691\/","title":{"rendered":"X\u1ecaT \u0110U\u1ed4I MU\u1ed4I H\u01af\u01a0NG \u0110\u00c0O M\u00c3 KC691"},"content":{"rendered":"<p><strong>X\u1ecaT \u0110U\u1ed4I MU\u1ed4I H\u01af\u01a0NG \u0110\u00c0O M\u00c3 KC691<\/strong><\/p>\n<p><strong>LI\u00caN H\u1ec6 NGAY<span style=\"color: #ed1c24;\"> ZALO: <a class=\"text-is-phone-number\" style=\"color: #ed1c24;\" data-z-element-type=\"phone-number\">0908.955.092<\/a><\/span> \u0110\u1ec2 \u0110\u01af\u1ee2C B\u00c1O GI\u00c1 CHI\u1ebeT KH\u1ea4U TRONG 5 PH\u00daT.<\/strong><\/p>\n","protected":false},"excerpt":{"rendered":"<p><strong>X\u1ecaT \u0110U\u1ed4I MU\u1ed4I H\u01af\u01a0NG \u0110\u00c0O M\u00c3 KC691<\/strong><\/p>\n<p><strong>LI\u00caN H\u1ec6 NGAY<span style=\"color: #ed1c24;\"> ZALO: <a class=\"text-is-phone-number\" style=\"color: #ed1c24;\" data-z-element-type=\"phone-number\">0908.955.092<\/a><\/span> \u0110\u1ec2 \u0110\u01af\u1ee2C B\u00c1O GI\u00c1 CHI\u1ebeT KH\u1ea4U TRONG 5 PH\u00daT.<\/strong><\/p>\n","protected":false},"featured_media":1141,"comment_status":"open","ping_status":"closed","template":"","meta":{"_uag_custom_page_level_css":""},"product_cat":[24],"product_tag":[],"class_list":{"0":"post-1143","1":"product","2":"type-product","3":"status-publish","4":"has-post-thumbnail","6":"product_cat-duoc-pham-ngoai-da","8":"first","9":"onbackorder","10":"shipping-taxable","11":"product-type-simple"},"jetpack_sharing_enabled":true,"uagb_featured_image_src":{"full":["https:\/\/sihangquangchau247.vn\/wp-content\/uploads\/2024\/08\/0__360_.png",1440,1440,false],"thumbnail":["https:\/\/sihangquangchau247.vn\/wp-content\/uploads\/2024\/08\/0__360_-150x150.png",150,150,true],"medium":["https:\/\/sihangquangchau247.vn\/wp-content\/uploads\/2024\/08\/0__360_-300x300.png",300,300,true],"medium_large":["https:\/\/sihangquangchau247.vn\/wp-content\/uploads\/2024\/08\/0__360_-768x768.png",768,768,true],"large":["https:\/\/sihangquangchau247.vn\/wp-content\/uploads\/2024\/08\/0__360_-1024x1024.png",1020,1020,true],"1536x1536":["https:\/\/sihangquangchau247.vn\/wp-content\/uploads\/2024\/08\/0__360_.png",1440,1440,false],"2048x2048":["https:\/\/sihangquangchau247.vn\/wp-content\/uploads\/2024\/08\/0__360_.png",1440,1440,false],"woocommerce_thumbnail":["https:\/\/sihangquangchau247.vn\/wp-content\/uploads\/2024\/08\/0__360_-247x296.png",247,296,true],"woocommerce_single":["https:\/\/sihangquangchau247.vn\/wp-content\/uploads\/2024\/08\/0__360_-510x510.png",510,510,true],"woocommerce_gallery_thumbnail":["https:\/\/sihangquangchau247.vn\/wp-content\/uploads\/2024\/08\/0__360_-100x100.png",100,100,true]},"uagb_author_info":{"display_name":"admin","author_link":"https:\/\/sihangquangchau247.vn\/index.php\/author\/"},"uagb_comment_info":0,"uagb_excerpt":"X\u1ecaT \u0110U\u1ed4I MU\u1ed4I H\u01af\u01a0NG \u0110\u00c0O M\u00c3 KC691 LI\u00caN H\u1ec6 NGAY ZALO: 0908.955.092 \u0110\u1ec2 \u0110\u01af\u1ee2C B\u00c1O GI\u00c1 CHI\u1ebeT KH\u1ea4U TRONG 5 PH\u00daT.","_links":{"self":[{"href":"https:\/\/sihangquangchau247.vn\/index.php\/wp-json\/wp\/v2\/product\/1143","targetHints":{"allow":["GET"]}}],"collection":[{"href":"https:\/\/sihangquangchau247.vn\/index.php\/wp-json\/wp\/v2\/product"}],"about":[{"href":"https:\/\/sihangquangchau247.vn\/index.php\/wp-json\/wp\/v2\/types\/product"}],"replies":[{"embeddable":true,"href":"https:\/\/sihangquangchau247.vn\/index.php\/wp-json\/wp\/v2\/comments?post=1143"}],"wp:featuredmedia":[{"embeddable":true,"href":"https:\/\/sihangquangchau247.vn\/index.php\/wp-json\/wp\/v2\/media\/1141"}],"wp:attachment":[{"href":"https:\/\/sihangquangchau247.vn\/index.php\/wp-json\/wp\/v2\/media?parent=1143"}],"wp:term":[{"taxonomy":"product_cat","embeddable":true,"href":"https:\/\/sihangquangchau247.vn\/index.php\/wp-json\/wp\/v2\/product_cat?post=1143"},{"taxonomy":"product_tag","embeddable":true,"href":"https:\/\/sihangquangchau247.vn\/index.php\/wp-json\/wp\/v2\/product_tag?post=1143"}],"curies":[{"name":"wp","href":"https:\/\/api.w.org\/{rel}","templated":true}]}}